{"id":7876,"date":"2012-04-19T10:35:33","date_gmt":"2012-04-19T08:35:33","guid":{"rendered":"http:\/\/www.santosgrills.de\/rezepte\/?page_id=7876"},"modified":"2012-04-19T10:38:50","modified_gmt":"2012-04-19T08:38:50","slug":"tipps-tricks-das-a-und-o-der-grillsicherheit","status":"publish","type":"page","link":"https:\/\/www.grillsheriff.ch\/grill-magazin\/tipps-tricks-das-a-und-o-der-grillsicherheit\/","title":{"rendered":"Tipps &#038; Tricks: Das A und O der Grillsicherheit"},"content":{"rendered":"<p><img loading=\"lazy\" decoding=\"async\" class=\"size-thumbnail wp-image-7786 alignleft\" title=\"showgrillen_webersummit\" src=\"http:\/\/www.santosgrills.de\/rezepte\/wp-content\/uploads\/2012\/04\/showgrillen_webersummit-110x95.jpg\" alt=\"Der Summit 670 von Weber\" width=\"110\" height=\"95\" \/><\/p>\n<p>Grillen ist in und jeden Sommer werden deutsche M\u00e4nner zu echten Profik\u00f6chen. Schlie\u00dflich ist der Grill \u2013 ganz gleich, ob Holzkohle- oder Gasgrill \u2013 nach wie vor fest in M\u00e4nnerhand. Und die Kreationen der \u201eGrill\u201c-Gurus k\u00f6nnen sich sehen lassen. Allerdings hat das Grillfieber im Sommer auch Schattenseiten. Regelm\u00e4\u00dfig tauchen Medienberichte auf, in denen es zu Wohnungsbr\u00e4nden oder schweren Verletzungen in Zusammenhang mit dem Grill gekommen ist. Ursachen sind oft eine Missachtung wichtiger Sicherheitshinweise und Leichtsinn.<\/p>\n<p>Uns von santosgrills.de machen diese Berichte nat\u00fcrlich regelm\u00e4\u00dfig betroffen, weshalb bei uns das Thema Grillsicherheit gro\u00df geschrieben wird. Deshalb gibt es hier Tipps und Tricks, wie Sie in Zukunft entspannt, locker und sicher grillen k\u00f6nnen.<\/p>\n<p>Grills und Zubeh\u00f6r finden Sie bei <a title=\"Link zu santosgrills\" href=\"http:\/\/www.santosgrills.de\">santosgrills.de<\/a>. Auch diese Grill-Ger\u00e4te (auf\u00b4s Bild klicken):<\/p>\n<p><!--wpads#content--><!--wpads#content1--><!--wpads#content2--><\/p>\n<h3>Grillsicherheit: Spiritus und Benzin sind tabu<\/h3>\n<p>Ein absolutes No-Go rund um den Grill sind Anz\u00fcndhilfen wie Spiritus und Benzin. Hier kann es zu Verpuffungen und schweren Verbrennungen kommen, die oft auch Kinder in Mitleidenschaft ziehen. Unser Tipp: Nutzen Sie feste Anz\u00fcndhilfen oder den Weber Anz\u00fcndkamin f\u00fcr durchgegl\u00fchte Holzkohle. Und mit dem Gasgrill f\u00e4llt das Anfeuern weg, hier klappt\u00b4s auf Knopfdruck.<\/p>\n<h3>Grillsicherheit: Sicherer Abstand zu allem, was brennt<\/h3>\n<p><img loading=\"lazy\" decoding=\"async\" class=\"size-thumbnail wp-image-7784 alignright\" title=\"showgrillen_bratwurst\" src=\"http:\/\/www.santosgrills.de\/rezepte\/wp-content\/uploads\/2012\/04\/showgrillen_bratwurst-110x95.jpg\" alt=\"Bratwurst - lecker und knusprig\" width=\"110\" height=\"95\" \/>Grillen auf dem Balkon oder in unmittelbarer Hausn\u00e4he kann gef\u00e4hrlich werden. Funkenflug hat schon manches Eigenheim in Flammen aufgehen lassen. Nat\u00fcrlich sollte auch nicht in der N\u00e4he von brennbarem Material wie Holz, Pavillons usw. gegrillt werden. Besonders gef\u00e4hrlich ist das Grillen auf dem Balkon, wenn Balkonm\u00f6bel und Br\u00fcstung aus brennbarem Material gefertigt sind.<\/p>\n<h3>Grillsicherheit: Arbeitskleidung ist Pflicht<\/h3>\n<p>Das Hantieren auf dem Grill hat Schattenseiten. Wer in Shorts und T-Shirt am Grill steht, setzt sich erheblichen Gefahren aus und riskiert Verbrennungen. Unser Tipp: Zur passenden \u201eArbeitskleidung\u201c geh\u00f6ren <a title=\"Zubeh\u00f6r f\u00fcr sicheres Grillen\" href=\"http:\/\/www.santosgrills.de\/weber_gasgrillzubehoer-c-14_23.html\" target=\"_self\">Grillhandschuhe, Grillsch\u00fcrze<\/a> und nat\u00fcrlich festes Schuhwerk \u2013 ansonsten kann es schmerzhaft werden. Und f\u00fcr alle Arbeiten mit dem hei\u00dfen Grillrost gibt\u00b4s bei uns das passende Grillbesteck mit Grillzange und Co.<\/p>\n<h3>Grillsicherheit: Kinder spielen nicht um den Grill<\/h3>\n<p>Was passiert, wenn alle satt und zufrieden sind? Der Grill brutzelt noch vor sich hin und der Nachwuchs tobt durch den Garten. Leider ereignen sich hier aus Neugier und Unachtsamkeit immer wieder Unf\u00e4lle. Deshalb haben Kinder rund um den Grill nichts zu suchen. Dies gilt auch f\u00fcr den Gasgrill, der so untergebracht sein sollte, dass Dritte keinen Zugang haben.<\/p>\n<h3>Grillsicherheit: Der regelm\u00e4\u00dfige Sicherheitscheck<\/h3>\n<p>Wer sich \u00fcber einen Gasgrill freuen kann, grillt in der Regel mehr als entspannt. Allerdings raten wir hier zu regelm\u00e4\u00dfigen Sicherheitschecks \u2013 gerade wenn der Gasgrill in die Jahre kommt. Schlie\u00dflich macht sich auch hier der Verschlei\u00df bemerkbar. Und nur durch den Check-up lassen sich Defekte fr\u00fch erkennen.<\/p>\n<h3>Grillsicherheit: Die Gasflasche<\/h3>\n<p>Zum Schluss ein gewisserma\u00dfen heikles Thema \u2013 die Gasflasche. Letztere muss vor, w\u00e4hrend und nach dem Grillen sicher aufbewahrt werden, also unzug\u00e4nglich f\u00fcr Kinderh\u00e4nde. Das Problem: In geschlossenen R\u00e4umen k\u00f6nnen kleine \u201eLecks\u201c zur Gefahr werden. Deshalb gilt: Die Gasflasche vom Grill so aufbewahren, dass Defekte nicht zur Katastrophe f\u00fchren. Unser Tipp: W\u00e4hrend des Grillens mit dem Gasgrill sollte die Gasflasche sich nicht im Unterschrank befinden. Und nat\u00fcrlich sollten Sie die Sicherheitshinweise aus der Bedienungsanleitung beachten.<\/p>\n<p>Wollen Sie noch mehr wissen? <a title=\"Mehr zur Grillsicherheit\" href=\"http:\/\/www.santosgrills.de\/rezepte\/tipps-tricks-das-a-und-o-der-grillsicherheit\/grillsicherheit-so-grillen-sie-365-tage-im-jahr-richtig\/\" target=\"_self\">Hier <\/a>gibt\u00b4s noch mehr Infos zu Vorbereitung und Co.<\/p>\n<p>Passend zu Ihrem neuen Grill finden Sie bei uns im <a title=\"Link zu Santosgrills\" href=\"http:\/\/www.santosgrills.de\">Santos Shop<\/a> das geeignete und gew\u00fcnschte Zubeh\u00f6r.<\/p>\n<p><!--wpads#Zubehoer--> <!--wpads#Zubehoer1--> <!--wpads#Zubehoer2--><\/p>\n","protected":false},"excerpt":{"rendered":"<p>Grillen ist in und jeden Sommer werden deutsche M\u00e4nner zu echten Profik\u00f6chen. Schlie\u00dflich ist der Grill \u2013 ganz gleich, ob&#8230;<\/p>\n","protected":false},"author":1,"featured_media":0,"parent":0,"menu_order":0,"comment_status":"open","ping_status":"open","template":"","meta":{"_acf_changed":false,"footnotes":""},"class_list":["post-7876","page","type-page","status-publish","hentry"],"acf":[],"yoast_head":"<!-- This site is optimized with the Yoast SEO Premium plugin v25.8 (Yoast SEO v25.8) - https:\/\/yoast.com\/wordpress\/plugins\/seo\/ -->\n<title>Tipps &amp; Tricks: Das A und O der Grillsicherheit - Grill Sheriff Magazin<\/title>\n<meta name=\"robots\" content=\"index, follow, max-snippet:-1, max-image-preview:large, max-video-preview:-1\" \/>\n<link rel=\"canonical\" href=\"https:\/\/www.grillsheriff.ch\/grill-magazin\/tipps-tricks-das-a-und-o-der-grillsicherheit\/\" \/>\n<meta property=\"og:locale\" content=\"de_DE\" \/>\n<meta property=\"og:type\" content=\"article\" \/>\n<meta property=\"og:title\" content=\"Tipps &amp; Tricks: Das A und O der Grillsicherheit\" \/>\n<meta property=\"og:description\" content=\"Grillen ist in und jeden Sommer werden deutsche M\u00e4nner zu echten Profik\u00f6chen. Schlie\u00dflich ist der Grill \u2013 ganz gleich, ob...\" \/>\n<meta property=\"og:url\" content=\"https:\/\/www.grillsheriff.ch\/grill-magazin\/tipps-tricks-das-a-und-o-der-grillsicherheit\/\" \/>\n<meta property=\"og:site_name\" content=\"Grill Sheriff Magazin\" \/>\n<meta property=\"article:publisher\" content=\"https:\/\/de-de.facebook.com\/GrillSheriff\/\" \/>\n<meta property=\"article:modified_time\" content=\"2012-04-19T08:38:50+00:00\" \/>\n<meta property=\"og:image\" content=\"http:\/\/www.santosgrills.de\/rezepte\/wp-content\/uploads\/2012\/04\/showgrillen_webersummit-110x95.jpg\" \/>\n<meta name=\"twitter:card\" content=\"summary_large_image\" \/>\n<meta name=\"twitter:label1\" content=\"Gesch\u00e4tzte Lesezeit\" \/>\n\t<meta name=\"twitter:data1\" content=\"3\u00a0Minuten\" \/>\n<script type=\"application\/ld+json\" class=\"yoast-schema-graph\">{\"@context\":\"https:\/\/schema.org\",\"@graph\":[{\"@type\":\"WebPage\",\"@id\":\"https:\/\/www.grillsheriff.ch\/grill-magazin\/tipps-tricks-das-a-und-o-der-grillsicherheit\/\",\"url\":\"https:\/\/www.grillsheriff.ch\/grill-magazin\/tipps-tricks-das-a-und-o-der-grillsicherheit\/\",\"name\":\"Tipps & Tricks: Das A und O der Grillsicherheit - Grill Sheriff Magazin\",\"isPartOf\":{\"@id\":\"https:\/\/www.grillsheriff.ch\/grill-magazin\/#website\"},\"primaryImageOfPage\":{\"@id\":\"https:\/\/www.grillsheriff.ch\/grill-magazin\/tipps-tricks-das-a-und-o-der-grillsicherheit\/#primaryimage\"},\"image\":{\"@id\":\"https:\/\/www.grillsheriff.ch\/grill-magazin\/tipps-tricks-das-a-und-o-der-grillsicherheit\/#primaryimage\"},\"thumbnailUrl\":\"http:\/\/www.santosgrills.de\/rezepte\/wp-content\/uploads\/2012\/04\/showgrillen_webersummit-110x95.jpg\",\"datePublished\":\"2012-04-19T08:35:33+00:00\",\"dateModified\":\"2012-04-19T08:38:50+00:00\",\"breadcrumb\":{\"@id\":\"https:\/\/www.grillsheriff.ch\/grill-magazin\/tipps-tricks-das-a-und-o-der-grillsicherheit\/#breadcrumb\"},\"inLanguage\":\"de\",\"potentialAction\":[{\"@type\":\"ReadAction\",\"target\":[\"https:\/\/www.grillsheriff.ch\/grill-magazin\/tipps-tricks-das-a-und-o-der-grillsicherheit\/\"]}]},{\"@type\":\"ImageObject\",\"inLanguage\":\"de\",\"@id\":\"https:\/\/www.grillsheriff.ch\/grill-magazin\/tipps-tricks-das-a-und-o-der-grillsicherheit\/#primaryimage\",\"url\":\"http:\/\/www.santosgrills.de\/rezepte\/wp-content\/uploads\/2012\/04\/showgrillen_webersummit-110x95.jpg\",\"contentUrl\":\"http:\/\/www.santosgrills.de\/rezepte\/wp-content\/uploads\/2012\/04\/showgrillen_webersummit-110x95.jpg\"},{\"@type\":\"BreadcrumbList\",\"@id\":\"https:\/\/www.grillsheriff.ch\/grill-magazin\/tipps-tricks-das-a-und-o-der-grillsicherheit\/#breadcrumb\",\"itemListElement\":[{\"@type\":\"ListItem\",\"position\":1,\"name\":\"Startseite\",\"item\":\"https:\/\/www.grillsheriff.ch\/grill-magazin\/\"},{\"@type\":\"ListItem\",\"position\":2,\"name\":\"Tipps &#038; Tricks: Das A und O der Grillsicherheit\"}]},{\"@type\":\"WebSite\",\"@id\":\"https:\/\/www.grillsheriff.ch\/grill-magazin\/#website\",\"url\":\"https:\/\/www.grillsheriff.ch\/grill-magazin\/\",\"name\":\"Grill Sheriff Magazin\",\"description\":\"Grill- und BBQ-Magazin | Grillrezepte, Tipps &amp; Tricks.\",\"publisher\":{\"@id\":\"https:\/\/www.grillsheriff.ch\/grill-magazin\/#organization\"},\"potentialAction\":[{\"@type\":\"SearchAction\",\"target\":{\"@type\":\"EntryPoint\",\"urlTemplate\":\"https:\/\/www.grillsheriff.ch\/grill-magazin\/?s={search_term_string}\"},\"query-input\":{\"@type\":\"PropertyValueSpecification\",\"valueRequired\":true,\"valueName\":\"search_term_string\"}}],\"inLanguage\":\"de\"},{\"@type\":\"Organization\",\"@id\":\"https:\/\/www.grillsheriff.ch\/grill-magazin\/#organization\",\"name\":\"Grill Sheriff Shop\",\"url\":\"https:\/\/www.grillsheriff.ch\/grill-magazin\/\",\"logo\":{\"@type\":\"ImageObject\",\"inLanguage\":\"de\",\"@id\":\"https:\/\/www.grillsheriff.ch\/grill-magazin\/#\/schema\/logo\/image\/\",\"url\":\"https:\/\/sw6.grillsheriff.ch\/grill-magazin\/wp-content\/uploads\/2024\/04\/Sheriff_Stern.png\",\"contentUrl\":\"https:\/\/sw6.grillsheriff.ch\/grill-magazin\/wp-content\/uploads\/2024\/04\/Sheriff_Stern.png\",\"width\":143,\"height\":154,\"caption\":\"Grill Sheriff Shop\"},\"image\":{\"@id\":\"https:\/\/www.grillsheriff.ch\/grill-magazin\/#\/schema\/logo\/image\/\"},\"sameAs\":[\"https:\/\/de-de.facebook.com\/GrillSheriff\/\",\"https:\/\/www.youtube.com\/channel\/UCN37AsAducANnGcpeAf5csw\",\"https:\/\/www.instagram.com\/grillsheriff\/\"]}]}<\/script>\n<!-- \/ Yoast SEO Premium plugin. -->","yoast_head_json":{"title":"Tipps & Tricks: Das A und O der Grillsicherheit - Grill Sheriff Magazin","robots":{"index":"index","follow":"follow","max-snippet":"max-snippet:-1","max-image-preview":"max-image-preview:large","max-video-preview":"max-video-preview:-1"},"canonical":"https:\/\/www.grillsheriff.ch\/grill-magazin\/tipps-tricks-das-a-und-o-der-grillsicherheit\/","og_locale":"de_DE","og_type":"article","og_title":"Tipps & Tricks: Das A und O der Grillsicherheit","og_description":"Grillen ist in und jeden Sommer werden deutsche M\u00e4nner zu echten Profik\u00f6chen. Schlie\u00dflich ist der Grill \u2013 ganz gleich, ob...","og_url":"https:\/\/www.grillsheriff.ch\/grill-magazin\/tipps-tricks-das-a-und-o-der-grillsicherheit\/","og_site_name":"Grill Sheriff Magazin","article_publisher":"https:\/\/de-de.facebook.com\/GrillSheriff\/","article_modified_time":"2012-04-19T08:38:50+00:00","og_image":[{"url":"http:\/\/www.santosgrills.de\/rezepte\/wp-content\/uploads\/2012\/04\/showgrillen_webersummit-110x95.jpg","type":"","width":"","height":""}],"twitter_card":"summary_large_image","twitter_misc":{"Gesch\u00e4tzte Lesezeit":"3\u00a0Minuten"},"schema":{"@context":"https:\/\/schema.org","@graph":[{"@type":"WebPage","@id":"https:\/\/www.grillsheriff.ch\/grill-magazin\/tipps-tricks-das-a-und-o-der-grillsicherheit\/","url":"https:\/\/www.grillsheriff.ch\/grill-magazin\/tipps-tricks-das-a-und-o-der-grillsicherheit\/","name":"Tipps & Tricks: Das A und O der Grillsicherheit - Grill Sheriff Magazin","isPartOf":{"@id":"https:\/\/www.grillsheriff.ch\/grill-magazin\/#website"},"primaryImageOfPage":{"@id":"https:\/\/www.grillsheriff.ch\/grill-magazin\/tipps-tricks-das-a-und-o-der-grillsicherheit\/#primaryimage"},"image":{"@id":"https:\/\/www.grillsheriff.ch\/grill-magazin\/tipps-tricks-das-a-und-o-der-grillsicherheit\/#primaryimage"},"thumbnailUrl":"http:\/\/www.santosgrills.de\/rezepte\/wp-content\/uploads\/2012\/04\/showgrillen_webersummit-110x95.jpg","datePublished":"2012-04-19T08:35:33+00:00","dateModified":"2012-04-19T08:38:50+00:00","breadcrumb":{"@id":"https:\/\/www.grillsheriff.ch\/grill-magazin\/tipps-tricks-das-a-und-o-der-grillsicherheit\/#breadcrumb"},"inLanguage":"de","potentialAction":[{"@type":"ReadAction","target":["https:\/\/www.grillsheriff.ch\/grill-magazin\/tipps-tricks-das-a-und-o-der-grillsicherheit\/"]}]},{"@type":"ImageObject","inLanguage":"de","@id":"https:\/\/www.grillsheriff.ch\/grill-magazin\/tipps-tricks-das-a-und-o-der-grillsicherheit\/#primaryimage","url":"http:\/\/www.santosgrills.de\/rezepte\/wp-content\/uploads\/2012\/04\/showgrillen_webersummit-110x95.jpg","contentUrl":"http:\/\/www.santosgrills.de\/rezepte\/wp-content\/uploads\/2012\/04\/showgrillen_webersummit-110x95.jpg"},{"@type":"BreadcrumbList","@id":"https:\/\/www.grillsheriff.ch\/grill-magazin\/tipps-tricks-das-a-und-o-der-grillsicherheit\/#breadcrumb","itemListElement":[{"@type":"ListItem","position":1,"name":"Startseite","item":"https:\/\/www.grillsheriff.ch\/grill-magazin\/"},{"@type":"ListItem","position":2,"name":"Tipps &#038; Tricks: Das A und O der Grillsicherheit"}]},{"@type":"WebSite","@id":"https:\/\/www.grillsheriff.ch\/grill-magazin\/#website","url":"https:\/\/www.grillsheriff.ch\/grill-magazin\/","name":"Grill Sheriff Magazin","description":"Grill- und BBQ-Magazin | Grillrezepte, Tipps &amp; Tricks.","publisher":{"@id":"https:\/\/www.grillsheriff.ch\/grill-magazin\/#organization"},"potentialAction":[{"@type":"SearchAction","target":{"@type":"EntryPoint","urlTemplate":"https:\/\/www.grillsheriff.ch\/grill-magazin\/?s={search_term_string}"},"query-input":{"@type":"PropertyValueSpecification","valueRequired":true,"valueName":"search_term_string"}}],"inLanguage":"de"},{"@type":"Organization","@id":"https:\/\/www.grillsheriff.ch\/grill-magazin\/#organization","name":"Grill Sheriff Shop","url":"https:\/\/www.grillsheriff.ch\/grill-magazin\/","logo":{"@type":"ImageObject","inLanguage":"de","@id":"https:\/\/www.grillsheriff.ch\/grill-magazin\/#\/schema\/logo\/image\/","url":"https:\/\/sw6.grillsheriff.ch\/grill-magazin\/wp-content\/uploads\/2024\/04\/Sheriff_Stern.png","contentUrl":"https:\/\/sw6.grillsheriff.ch\/grill-magazin\/wp-content\/uploads\/2024\/04\/Sheriff_Stern.png","width":143,"height":154,"caption":"Grill Sheriff Shop"},"image":{"@id":"https:\/\/www.grillsheriff.ch\/grill-magazin\/#\/schema\/logo\/image\/"},"sameAs":["https:\/\/de-de.facebook.com\/GrillSheriff\/","https:\/\/www.youtube.com\/channel\/UCN37AsAducANnGcpeAf5csw","https:\/\/www.instagram.com\/grillsheriff\/"]}]}},"_links":{"self":[{"href":"https:\/\/www.grillsheriff.ch\/grill-magazin\/wp-json\/wp\/v2\/pages\/7876","targetHints":{"allow":["GET"]}}],"collection":[{"href":"https:\/\/www.grillsheriff.ch\/grill-magazin\/wp-json\/wp\/v2\/pages"}],"about":[{"href":"https:\/\/www.grillsheriff.ch\/grill-magazin\/wp-json\/wp\/v2\/types\/page"}],"author":[{"embeddable":true,"href":"https:\/\/www.grillsheriff.ch\/grill-magazin\/wp-json\/wp\/v2\/users\/1"}],"replies":[{"embeddable":true,"href":"https:\/\/www.grillsheriff.ch\/grill-magazin\/wp-json\/wp\/v2\/comments?post=7876"}],"version-history":[{"count":0,"href":"https:\/\/www.grillsheriff.ch\/grill-magazin\/wp-json\/wp\/v2\/pages\/7876\/revisions"}],"wp:attachment":[{"href":"https:\/\/www.grillsheriff.ch\/grill-magazin\/wp-json\/wp\/v2\/media?parent=7876"}],"curies":[{"name":"wp","href":"https:\/\/api.w.org\/{rel}","templated":true}]}}